{"id":18,"date":"2021-08-07T20:39:05","date_gmt":"2021-08-07T18:39:05","guid":{"rendered":"https:\/\/www.turnverein-geisenfeld.de\/la\/wordpress\/?page_id=18"},"modified":"2022-10-26T23:44:50","modified_gmt":"2022-10-26T21:44:50","slug":"trainer","status":"publish","type":"page","link":"https:\/\/www.turnverein-geisenfeld.de\/la\/wordpress\/trainer\/","title":{"rendered":"Trainer"},"content":{"rendered":"\n<figure class=\"wp-block-table\"><table><tbody><tr><td>U6<\/td><td><img loading=\"lazy\" decoding=\"async\" width=\"75\" height=\"108\" class=\"wp-image-196\" style=\"width: 75px;\" src=\"https:\/\/www.turnverein-geisenfeld.de\/la\/wordpress\/wp-content\/uploads\/2022\/10\/dummy_w.jpg\" alt=\"\" srcset=\"https:\/\/www.turnverein-geisenfeld.de\/la\/wordpress\/wp-content\/uploads\/2022\/10\/dummy_w.jpg 347w, https:\/\/www.turnverein-geisenfeld.de\/la\/wordpress\/wp-content\/uploads\/2022\/10\/dummy_w-208x300.jpg 208w\" sizes=\"auto, (max-width: 75px) 100vw, 75px\" \/>   <br><strong><mark style=\"background-color:#4bff00\" class=\"has-inline-color\">Tanja R\u00e4ker<\/mark><\/strong><br><\/td><td><img loading=\"lazy\" decoding=\"async\" width=\"75\" height=\"108\" class=\"wp-image-196\" style=\"width: 75px;\" src=\"https:\/\/www.turnverein-geisenfeld.de\/la\/wordpress\/wp-content\/uploads\/2022\/10\/dummy_w.jpg\" alt=\"\" srcset=\"https:\/\/www.turnverein-geisenfeld.de\/la\/wordpress\/wp-content\/uploads\/2022\/10\/dummy_w.jpg 347w, https:\/\/www.turnverein-geisenfeld.de\/la\/wordpress\/wp-content\/uploads\/2022\/10\/dummy_w-208x300.jpg 208w\" sizes=\"auto, (max-width: 75px) 100vw, 75px\" \/>        <img loading=\"lazy\" decoding=\"async\" width=\"75\" height=\"108\" class=\"wp-image-196\" style=\"width: 75px;\" src=\"https:\/\/www.turnverein-geisenfeld.de\/la\/wordpress\/wp-content\/uploads\/2022\/10\/dummy_w.jpg\" alt=\"\" srcset=\"https:\/\/www.turnverein-geisenfeld.de\/la\/wordpress\/wp-content\/uploads\/2022\/10\/dummy_w.jpg 347w, https:\/\/www.turnverein-geisenfeld.de\/la\/wordpress\/wp-content\/uploads\/2022\/10\/dummy_w-208x300.jpg 208w\" sizes=\"auto, (max-width: 75px) 100vw, 75px\" \/>             <img loading=\"lazy\" decoding=\"async\" width=\"75\" height=\"108\" class=\"wp-image-196\" style=\"width: 75px;\" src=\"https:\/\/www.turnverein-geisenfeld.de\/la\/wordpress\/wp-content\/uploads\/2022\/10\/dummy_w.jpg\" alt=\"\" srcset=\"https:\/\/www.turnverein-geisenfeld.de\/la\/wordpress\/wp-content\/uploads\/2022\/10\/dummy_w.jpg 347w, https:\/\/www.turnverein-geisenfeld.de\/la\/wordpress\/wp-content\/uploads\/2022\/10\/dummy_w-208x300.jpg 208w\" sizes=\"auto, (max-width: 75px) 100vw, 75px\" \/><br>Carol Gonzalez&nbsp; Daniela Birnmayer&nbsp; Maria Stahr<\/td><\/tr><tr><td>U7<\/td><td>   <img loading=\"lazy\" decoding=\"async\" width=\"75\" height=\"108\" class=\"wp-image-196\" style=\"width: 75px;\" src=\"https:\/\/www.turnverein-geisenfeld.de\/la\/wordpress\/wp-content\/uploads\/2022\/10\/dummy_w.jpg\" alt=\"\" srcset=\"https:\/\/www.turnverein-geisenfeld.de\/la\/wordpress\/wp-content\/uploads\/2022\/10\/dummy_w.jpg 347w, https:\/\/www.turnverein-geisenfeld.de\/la\/wordpress\/wp-content\/uploads\/2022\/10\/dummy_w-208x300.jpg 208w\" sizes=\"auto, (max-width: 75px) 100vw, 75px\" \/><br><mark style=\"background-color:#4bff00\" class=\"has-inline-color\">Simone R\u00f6ssler<\/mark><\/td><td><img loading=\"lazy\" decoding=\"async\" width=\"75\" height=\"108\" class=\"wp-image-196\" style=\"width: 75px;\" src=\"https:\/\/www.turnverein-geisenfeld.de\/la\/wordpress\/wp-content\/uploads\/2022\/10\/dummy_w.jpg\" alt=\"\" srcset=\"https:\/\/www.turnverein-geisenfeld.de\/la\/wordpress\/wp-content\/uploads\/2022\/10\/dummy_w.jpg 347w, https:\/\/www.turnverein-geisenfeld.de\/la\/wordpress\/wp-content\/uploads\/2022\/10\/dummy_w-208x300.jpg 208w\" sizes=\"auto, (max-width: 75px) 100vw, 75px\" \/>         <img loading=\"lazy\" decoding=\"async\" width=\"75\" height=\"108\" class=\"wp-image-196\" style=\"width: 75px;\" src=\"https:\/\/www.turnverein-geisenfeld.de\/la\/wordpress\/wp-content\/uploads\/2022\/10\/dummy_w.jpg\" alt=\"\" srcset=\"https:\/\/www.turnverein-geisenfeld.de\/la\/wordpress\/wp-content\/uploads\/2022\/10\/dummy_w.jpg 347w, https:\/\/www.turnverein-geisenfeld.de\/la\/wordpress\/wp-content\/uploads\/2022\/10\/dummy_w-208x300.jpg 208w\" sizes=\"auto, (max-width: 75px) 100vw, 75px\" \/>        <img loading=\"lazy\" decoding=\"async\" width=\"75\" height=\"108\" class=\"wp-image-196\" style=\"width: 75px;\" src=\"https:\/\/www.turnverein-geisenfeld.de\/la\/wordpress\/wp-content\/uploads\/2022\/10\/dummy_w.jpg\" alt=\"\" srcset=\"https:\/\/www.turnverein-geisenfeld.de\/la\/wordpress\/wp-content\/uploads\/2022\/10\/dummy_w.jpg 347w, https:\/\/www.turnverein-geisenfeld.de\/la\/wordpress\/wp-content\/uploads\/2022\/10\/dummy_w-208x300.jpg 208w\" sizes=\"auto, (max-width: 75px) 100vw, 75px\" \/>          <img loading=\"lazy\" decoding=\"async\" width=\"75\" height=\"108\" class=\"wp-image-196\" style=\"width: 75px;\" src=\"https:\/\/www.turnverein-geisenfeld.de\/la\/wordpress\/wp-content\/uploads\/2022\/10\/dummy_w.jpg\" alt=\"\" srcset=\"https:\/\/www.turnverein-geisenfeld.de\/la\/wordpress\/wp-content\/uploads\/2022\/10\/dummy_w.jpg 347w, https:\/\/www.turnverein-geisenfeld.de\/la\/wordpress\/wp-content\/uploads\/2022\/10\/dummy_w-208x300.jpg 208w\" sizes=\"auto, (max-width: 75px) 100vw, 75px\" \/><br>Carola Strasser   Kerstin Weiher   Martina Schmitt &nbsp; Sabine M\u00f6\u00dfner<\/td><\/tr><tr><td>U8\/U10<\/td><td>   <img loading=\"lazy\" decoding=\"async\" width=\"75\" height=\"113\" class=\"wp-image-213\" style=\"width: 75px;\" src=\"https:\/\/www.turnverein-geisenfeld.de\/la\/wordpress\/wp-content\/uploads\/2022\/10\/20221026_231308-scaled.jpg\" alt=\"\" srcset=\"https:\/\/www.turnverein-geisenfeld.de\/la\/wordpress\/wp-content\/uploads\/2022\/10\/20221026_231308-scaled.jpg 1706w, https:\/\/www.turnverein-geisenfeld.de\/la\/wordpress\/wp-content\/uploads\/2022\/10\/20221026_231308-200x300.jpg 200w, https:\/\/www.turnverein-geisenfeld.de\/la\/wordpress\/wp-content\/uploads\/2022\/10\/20221026_231308-683x1024.jpg 683w, https:\/\/www.turnverein-geisenfeld.de\/la\/wordpress\/wp-content\/uploads\/2022\/10\/20221026_231308-768x1152.jpg 768w, https:\/\/www.turnverein-geisenfeld.de\/la\/wordpress\/wp-content\/uploads\/2022\/10\/20221026_231308-1024x1536.jpg 1024w, https:\/\/www.turnverein-geisenfeld.de\/la\/wordpress\/wp-content\/uploads\/2022\/10\/20221026_231308-1365x2048.jpg 1365w\" sizes=\"auto, (max-width: 75px) 100vw, 75px\" \/><br><mark style=\"background-color:#4bff00\" class=\"has-inline-color\">Alex Almst\u00e4tter<\/mark><\/td><td><img loading=\"lazy\" decoding=\"async\" width=\"75\" height=\"109\" class=\"wp-image-212\" style=\"width: 75px;\" src=\"https:\/\/www.turnverein-geisenfeld.de\/la\/wordpress\/wp-content\/uploads\/2022\/10\/20221026_231526-scaled.jpg\" alt=\"\" srcset=\"https:\/\/www.turnverein-geisenfeld.de\/la\/wordpress\/wp-content\/uploads\/2022\/10\/20221026_231526-scaled.jpg 1763w, https:\/\/www.turnverein-geisenfeld.de\/la\/wordpress\/wp-content\/uploads\/2022\/10\/20221026_231526-207x300.jpg 207w, https:\/\/www.turnverein-geisenfeld.de\/la\/wordpress\/wp-content\/uploads\/2022\/10\/20221026_231526-705x1024.jpg 705w, https:\/\/www.turnverein-geisenfeld.de\/la\/wordpress\/wp-content\/uploads\/2022\/10\/20221026_231526-768x1115.jpg 768w, https:\/\/www.turnverein-geisenfeld.de\/la\/wordpress\/wp-content\/uploads\/2022\/10\/20221026_231526-1058x1536.jpg 1058w, https:\/\/www.turnverein-geisenfeld.de\/la\/wordpress\/wp-content\/uploads\/2022\/10\/20221026_231526-1411x2048.jpg 1411w\" sizes=\"auto, (max-width: 75px) 100vw, 75px\" \/>         <img loading=\"lazy\" decoding=\"async\" width=\"75\" height=\"112\" class=\"wp-image-220\" style=\"width: 75px;\" src=\"https:\/\/www.turnverein-geisenfeld.de\/la\/wordpress\/wp-content\/uploads\/2022\/10\/20221025_170543-scaled.jpg\" alt=\"\" srcset=\"https:\/\/www.turnverein-geisenfeld.de\/la\/wordpress\/wp-content\/uploads\/2022\/10\/20221025_170543-scaled.jpg 1707w, https:\/\/www.turnverein-geisenfeld.de\/la\/wordpress\/wp-content\/uploads\/2022\/10\/20221025_170543-200x300.jpg 200w, https:\/\/www.turnverein-geisenfeld.de\/la\/wordpress\/wp-content\/uploads\/2022\/10\/20221025_170543-683x1024.jpg 683w, https:\/\/www.turnverein-geisenfeld.de\/la\/wordpress\/wp-content\/uploads\/2022\/10\/20221025_170543-768x1152.jpg 768w, https:\/\/www.turnverein-geisenfeld.de\/la\/wordpress\/wp-content\/uploads\/2022\/10\/20221025_170543-1024x1536.jpg 1024w, https:\/\/www.turnverein-geisenfeld.de\/la\/wordpress\/wp-content\/uploads\/2022\/10\/20221025_170543-1366x2048.jpg 1366w\" sizes=\"auto, (max-width: 75px) 100vw, 75px\" \/>                <img loading=\"lazy\" decoding=\"async\" width=\"75\" height=\"108\" class=\"wp-image-196\" style=\"width: 75px;\" src=\"https:\/\/www.turnverein-geisenfeld.de\/la\/wordpress\/wp-content\/uploads\/2022\/10\/dummy_w.jpg\" alt=\"\" srcset=\"https:\/\/www.turnverein-geisenfeld.de\/la\/wordpress\/wp-content\/uploads\/2022\/10\/dummy_w.jpg 347w, https:\/\/www.turnverein-geisenfeld.de\/la\/wordpress\/wp-content\/uploads\/2022\/10\/dummy_w-208x300.jpg 208w\" sizes=\"auto, (max-width: 75px) 100vw, 75px\" \/><br>Stefan Schmich   Bettina Steinbichler   Sandra N\u00f6rtersh\u00e4user<\/td><\/tr><tr><td>U10\/U12<\/td><td>    <img loading=\"lazy\" decoding=\"async\" width=\"75\" height=\"113\" class=\"wp-image-217\" style=\"width: 75px;\" src=\"https:\/\/www.turnverein-geisenfeld.de\/la\/wordpress\/wp-content\/uploads\/2022\/10\/20221026_230154.jpg\" alt=\"\" srcset=\"https:\/\/www.turnverein-geisenfeld.de\/la\/wordpress\/wp-content\/uploads\/2022\/10\/20221026_230154.jpg 1556w, https:\/\/www.turnverein-geisenfeld.de\/la\/wordpress\/wp-content\/uploads\/2022\/10\/20221026_230154-200x300.jpg 200w, https:\/\/www.turnverein-geisenfeld.de\/la\/wordpress\/wp-content\/uploads\/2022\/10\/20221026_230154-683x1024.jpg 683w, https:\/\/www.turnverein-geisenfeld.de\/la\/wordpress\/wp-content\/uploads\/2022\/10\/20221026_230154-768x1152.jpg 768w, https:\/\/www.turnverein-geisenfeld.de\/la\/wordpress\/wp-content\/uploads\/2022\/10\/20221026_230154-1024x1536.jpg 1024w, https:\/\/www.turnverein-geisenfeld.de\/la\/wordpress\/wp-content\/uploads\/2022\/10\/20221026_230154-1365x2048.jpg 1365w\" sizes=\"auto, (max-width: 75px) 100vw, 75px\" \/><br><mark style=\"background-color:#4bff00\" class=\"has-inline-color\">Nicola Scheffczik<\/mark><\/td><td><img loading=\"lazy\" decoding=\"async\" width=\"75\" height=\"104\" class=\"wp-image-197\" style=\"width: 75px;\" src=\"https:\/\/www.turnverein-geisenfeld.de\/la\/wordpress\/wp-content\/uploads\/2022\/10\/dummy_m.jpg\" alt=\"\" srcset=\"https:\/\/www.turnverein-geisenfeld.de\/la\/wordpress\/wp-content\/uploads\/2022\/10\/dummy_m.jpg 400w, https:\/\/www.turnverein-geisenfeld.de\/la\/wordpress\/wp-content\/uploads\/2022\/10\/dummy_m-217x300.jpg 217w\" sizes=\"auto, (max-width: 75px) 100vw, 75px\" \/>      <img loading=\"lazy\" decoding=\"async\" width=\"75\" height=\"112\" class=\"wp-image-219\" style=\"width: 75px;\" src=\"https:\/\/www.turnverein-geisenfeld.de\/la\/wordpress\/wp-content\/uploads\/2022\/10\/20221026_225527-scaled.jpg\" alt=\"\" srcset=\"https:\/\/www.turnverein-geisenfeld.de\/la\/wordpress\/wp-content\/uploads\/2022\/10\/20221026_225527-scaled.jpg 1707w, https:\/\/www.turnverein-geisenfeld.de\/la\/wordpress\/wp-content\/uploads\/2022\/10\/20221026_225527-200x300.jpg 200w, https:\/\/www.turnverein-geisenfeld.de\/la\/wordpress\/wp-content\/uploads\/2022\/10\/20221026_225527-683x1024.jpg 683w, https:\/\/www.turnverein-geisenfeld.de\/la\/wordpress\/wp-content\/uploads\/2022\/10\/20221026_225527-768x1152.jpg 768w, https:\/\/www.turnverein-geisenfeld.de\/la\/wordpress\/wp-content\/uploads\/2022\/10\/20221026_225527-1024x1536.jpg 1024w, https:\/\/www.turnverein-geisenfeld.de\/la\/wordpress\/wp-content\/uploads\/2022\/10\/20221026_225527-1365x2048.jpg 1365w\" sizes=\"auto, (max-width: 75px) 100vw, 75px\" \/><br>Philipp Meier   Heike Schuberth<\/td><\/tr><tr><td>U14\/U16<\/td><td>  <img loading=\"lazy\" decoding=\"async\" width=\"75\" height=\"113\" class=\"wp-image-223\" style=\"width: 75px;\" src=\"https:\/\/www.turnverein-geisenfeld.de\/la\/wordpress\/wp-content\/uploads\/2022\/10\/20221026_224042-scaled.jpg\" alt=\"\" srcset=\"https:\/\/www.turnverein-geisenfeld.de\/la\/wordpress\/wp-content\/uploads\/2022\/10\/20221026_224042-scaled.jpg 1706w, https:\/\/www.turnverein-geisenfeld.de\/la\/wordpress\/wp-content\/uploads\/2022\/10\/20221026_224042-200x300.jpg 200w, https:\/\/www.turnverein-geisenfeld.de\/la\/wordpress\/wp-content\/uploads\/2022\/10\/20221026_224042-683x1024.jpg 683w, https:\/\/www.turnverein-geisenfeld.de\/la\/wordpress\/wp-content\/uploads\/2022\/10\/20221026_224042-768x1152.jpg 768w, https:\/\/www.turnverein-geisenfeld.de\/la\/wordpress\/wp-content\/uploads\/2022\/10\/20221026_224042-1024x1536.jpg 1024w, https:\/\/www.turnverein-geisenfeld.de\/la\/wordpress\/wp-content\/uploads\/2022\/10\/20221026_224042-1365x2048.jpg 1365w\" sizes=\"auto, (max-width: 75px) 100vw, 75px\" \/><br><mark style=\"background-color:#4bff00\" class=\"has-inline-color\">Andreas Koller<\/mark><\/td><td><img loading=\"lazy\" decoding=\"async\" width=\"75\" height=\"114\" class=\"wp-image-211\" style=\"width: 75px;\" src=\"https:\/\/www.turnverein-geisenfeld.de\/la\/wordpress\/wp-content\/uploads\/2022\/10\/20221026_231755-scaled.jpg\" alt=\"\" srcset=\"https:\/\/www.turnverein-geisenfeld.de\/la\/wordpress\/wp-content\/uploads\/2022\/10\/20221026_231755-scaled.jpg 1678w, https:\/\/www.turnverein-geisenfeld.de\/la\/wordpress\/wp-content\/uploads\/2022\/10\/20221026_231755-197x300.jpg 197w, https:\/\/www.turnverein-geisenfeld.de\/la\/wordpress\/wp-content\/uploads\/2022\/10\/20221026_231755-671x1024.jpg 671w, https:\/\/www.turnverein-geisenfeld.de\/la\/wordpress\/wp-content\/uploads\/2022\/10\/20221026_231755-768x1171.jpg 768w, https:\/\/www.turnverein-geisenfeld.de\/la\/wordpress\/wp-content\/uploads\/2022\/10\/20221026_231755-1007x1536.jpg 1007w, https:\/\/www.turnverein-geisenfeld.de\/la\/wordpress\/wp-content\/uploads\/2022\/10\/20221026_231755-1343x2048.jpg 1343w\" sizes=\"auto, (max-width: 75px) 100vw, 75px\" \/>      <img loading=\"lazy\" decoding=\"async\" width=\"75\" height=\"103\" class=\"wp-image-198\" style=\"width: 75px;\" src=\"https:\/\/www.turnverein-geisenfeld.de\/la\/wordpress\/wp-content\/uploads\/2022\/10\/Wittmann_.jpg\" alt=\"\" srcset=\"https:\/\/www.turnverein-geisenfeld.de\/la\/wordpress\/wp-content\/uploads\/2022\/10\/Wittmann_.jpg 559w, https:\/\/www.turnverein-geisenfeld.de\/la\/wordpress\/wp-content\/uploads\/2022\/10\/Wittmann_-218x300.jpg 218w\" sizes=\"auto, (max-width: 75px) 100vw, 75px\" \/><br>Vivien Kujath\u00a0  Andreas Wittmann<\/td><\/tr><tr><td>Stabhochsprung<\/td><td>   <img loading=\"lazy\" decoding=\"async\" width=\"75\" height=\"110\" class=\"wp-image-199\" style=\"width: 75px;\" src=\"https:\/\/www.turnverein-geisenfeld.de\/la\/wordpress\/wp-content\/uploads\/2022\/10\/KScheffczik.jpg\" alt=\"\" srcset=\"https:\/\/www.turnverein-geisenfeld.de\/la\/wordpress\/wp-content\/uploads\/2022\/10\/KScheffczik.jpg 445w, https:\/\/www.turnverein-geisenfeld.de\/la\/wordpress\/wp-content\/uploads\/2022\/10\/KScheffczik-204x300.jpg 204w\" sizes=\"auto, (max-width: 75px) 100vw, 75px\" \/><br><mark style=\"background-color:#4bff00\" class=\"has-inline-color\">Klaus Scheffczik<\/mark><\/td><td><\/td><\/tr><tr><td>Sportabzeichen<\/td><td><img loading=\"lazy\" decoding=\"async\" width=\"75\" height=\"104\" class=\"wp-image-197\" style=\"width: 75px;\" src=\"https:\/\/www.turnverein-geisenfeld.de\/la\/wordpress\/wp-content\/uploads\/2022\/10\/dummy_m.jpg\" alt=\"\" srcset=\"https:\/\/www.turnverein-geisenfeld.de\/la\/wordpress\/wp-content\/uploads\/2022\/10\/dummy_m.jpg 400w, https:\/\/www.turnverein-geisenfeld.de\/la\/wordpress\/wp-content\/uploads\/2022\/10\/dummy_m-217x300.jpg 217w\" sizes=\"auto, (max-width: 75px) 100vw, 75px\" \/><br><mark style=\"background-color:#4bff00\" class=\"has-inline-color\">J\u00fcrgen Gigl<\/mark><\/td><td><\/td><\/tr><\/tbody><\/table><\/figure>\n","protected":false},"excerpt":{"rendered":"<p>U6 Tanja R\u00e4ker Carol Gonzalez&nbsp; Daniela Birnmayer&nbsp; Maria Stahr U7 Simone R\u00f6ssler Carola Strasser Kerstin Weiher Martina Schmitt &nbsp; Sabine M\u00f6\u00dfner U8\/U10 Alex Almst\u00e4tter Stefan Schmich Bettina Steinbichler Sandra N\u00f6rtersh\u00e4user U10\/U12 Nicola Scheffczik Philipp Meier Heike Schuberth U14\/U16 Andreas Koller Vivien Kujath\u00a0 Andreas Wittmann Stabhochsprung Klaus Scheffczik Sportabzeichen J\u00fcrgen Gigl<\/p>\n","protected":false},"author":2,"featured_media":0,"parent":0,"menu_order":0,"comment_status":"closed","ping_status":"closed","template":"","meta":{"site-sidebar-layout":"default","site-content-layout":"","ast-site-content-layout":"","site-content-style":"default","site-sidebar-style":"default","ast-global-header-display":"","ast-banner-title-visibility":"","ast-main-header-display":"","ast-hfb-above-header-display":"","ast-hfb-below-header-display":"","ast-hfb-mobile-header-display":"","site-post-title":"","ast-breadcrumbs-content":"","ast-featured-img":"","footer-sml-layout":"","theme-transparent-header-meta":"","adv-header-id-meta":"","stick-header-meta":"","header-above-stick-meta":"","header-main-stick-meta":"","header-below-stick-meta":"","astra-migrate-meta-layouts":"default","ast-page-background-enabled":"default","ast-page-background-meta":{"desktop":{"background-color":"var(--ast-global-color-4)","background-image":"","background-repeat":"repeat","background-position":"center center","background-size":"auto","background-attachment":"scroll","background-type":"","background-media":"","overlay-type":"","overlay-color":"","overlay-opacity":"","overlay-gradient":""},"tablet":{"background-color":"","background-image":"","background-repeat":"repeat","background-position":"center center","background-size":"auto","background-attachment":"scroll","background-type":"","background-media":"","overlay-type":"","overlay-color":"","overlay-opacity":"","overlay-gradient":""},"mobile":{"background-color":"","background-image":"","background-repeat":"repeat","background-position":"center center","background-size":"auto","background-attachment":"scroll","background-type":"","background-media":"","overlay-type":"","overlay-color":"","overlay-opacity":"","overlay-gradient":""}},"ast-content-background-meta":{"desktop":{"background-color":"var(--ast-global-color-5)","background-image":"","background-repeat":"repeat","background-position":"center center","background-size":"auto","background-attachment":"scroll","background-type":"","background-media":"","overlay-type":"","overlay-color":"","overlay-opacity":"","overlay-gradient":""},"tablet":{"background-color":"var(--ast-global-color-5)","background-image":"","background-repeat":"repeat","background-position":"center center","background-size":"auto","background-attachment":"scroll","background-type":"","background-media":"","overlay-type":"","overlay-color":"","overlay-opacity":"","overlay-gradient":""},"mobile":{"background-color":"var(--ast-global-color-5)","background-image":"","background-repeat":"repeat","background-position":"center center","background-size":"auto","background-attachment":"scroll","background-type":"","background-media":"","overlay-type":"","overlay-color":"","overlay-opacity":"","overlay-gradient":""}},"footnotes":""},"class_list":["post-18","page","type-page","status-publish","hentry"],"_links":{"self":[{"href":"https:\/\/www.turnverein-geisenfeld.de\/la\/wordpress\/wp-json\/wp\/v2\/pages\/18","targetHints":{"allow":["GET"]}}],"collection":[{"href":"https:\/\/www.turnverein-geisenfeld.de\/la\/wordpress\/wp-json\/wp\/v2\/pages"}],"about":[{"href":"https:\/\/www.turnverein-geisenfeld.de\/la\/wordpress\/wp-json\/wp\/v2\/types\/page"}],"author":[{"embeddable":true,"href":"https:\/\/www.turnverein-geisenfeld.de\/la\/wordpress\/wp-json\/wp\/v2\/users\/2"}],"replies":[{"embeddable":true,"href":"https:\/\/www.turnverein-geisenfeld.de\/la\/wordpress\/wp-json\/wp\/v2\/comments?post=18"}],"version-history":[{"count":4,"href":"https:\/\/www.turnverein-geisenfeld.de\/la\/wordpress\/wp-json\/wp\/v2\/pages\/18\/revisions"}],"predecessor-version":[{"id":225,"href":"https:\/\/www.turnverein-geisenfeld.de\/la\/wordpress\/wp-json\/wp\/v2\/pages\/18\/revisions\/225"}],"wp:attachment":[{"href":"https:\/\/www.turnverein-geisenfeld.de\/la\/wordpress\/wp-json\/wp\/v2\/media?parent=18"}],"curies":[{"name":"wp","href":"https:\/\/api.w.org\/{rel}","templated":true}]}}